{"id":23,"date":"2022-03-24T17:27:39","date_gmt":"2022-03-24T17:27:39","guid":{"rendered":"http:\/\/dufourbox.fr\/?page_id=23"},"modified":"2022-04-06T20:06:32","modified_gmt":"2022-04-06T20:06:32","slug":"mentions-legales","status":"publish","type":"page","link":"https:\/\/dufourbox.fr\/?page_id=23","title":{"rendered":"Mentions l\u00e9gales"},"content":{"rendered":"\n<h3 class=\"wp-block-heading\">D\u00e9nomination<\/h3>\n\n\n\n<p>entreprise individuel<\/p>\n\n\n\n<h3 class=\"wp-block-heading\"><strong>Dufour location<\/strong><\/h3>\n\n\n\n<h3 class=\"wp-block-heading\">ZA les compas<\/h3>\n\n\n\n<h3 class=\"wp-block-heading\">76170 Lillebonne<\/h3>\n\n\n\n<h3 class=\"wp-block-heading\"><strong>SIREN 36450101500044<\/strong><\/h3>\n\n\n\n<h3 class=\"wp-block-heading\"><strong>SIRET (siege)<br><strong>SIREN 36450101500044<\/strong><\/strong><\/h3>\n\n\n\n<p><strong>Adresse email :<\/strong><\/p>\n\n\n\n<p><strong>dufourbox@gmail.com<\/strong><\/p>\n\n\n\n<p><strong>Contact : 06 13 82 59 25<\/strong><\/p>\n\n\n\n<p class=\"has-medium-font-size\"><strong>h\u00e9bergement <\/strong><\/p>\n\n\n\n<p>Hostinger<\/p>\n\n\n\n<p><a href=\"https:\/\/www.hostinger.fr\/contact\">https:\/\/www.hostinger.fr\/contact<\/a><\/p>\n\n\n\n<p><a href=\"https:\/\/www.google.com\/search?rlz=1C1CHBF_frFR923FR923&amp;sxsrf=APq-WBu8sWuCL0ZNV0FAK2iQGCkhWceM6w:1647276627615&amp;q=hostinger+si%C3%A8ge+social&amp;stick=H4sIAAAAAAAAAOPgE-LVT9c3NEzLyjMqqrBM0tLKTrbSzy9KT8zLrEosyczPQ-FYZaQmphSWJhaVpBYVL2IVz8gvLsnMS08tUijOPLwiPVWhOD85MzEHAH5HXLxXAAAA&amp;sa=X&amp;ved=2ahUKEwiThvHRh8b2AhVEzYUKHb-vCecQ6BMoAHoECC0QAg\">Si\u00e8ge social<\/a>&nbsp;:&nbsp;<a href=\"https:\/\/www.google.com\/search?rlz=1C1CHBF_frFR923FR923&amp;sxsrf=APq-WBu8sWuCL0ZNV0FAK2iQGCkhWceM6w:1647276627615&amp;q=Kaunas&amp;stick=H4sIAAAAAAAAAOPgE-LVT9c3NEzLyjMqqrBMUuLUz9U3MDQ3TLLQ0spOttLPL0pPzMusSizJzM9D4VhlpCamFJYmFpWkFhUvYmXzTizNSyzewcoIALOFWuZUAAAA&amp;sa=X&amp;ved=2ahUKEwiThvHRh8b2AhVEzYUKHb-vCecQmxMoAXoECC0QAw\">Kaunas, Lituanie<\/a><\/p>\n\n\n\n<p><\/p>\n\n\n\n<p><\/p>\n\n\n\n<p>ARTICLE 2 \u2013 RESERVE DE PROPRIETE<\/p>\n\n\n\n<p>Les produits acquis sur le site www.<strong><strong>dufourbox<\/strong>.<strong>fr<\/strong><\/strong> demeurent la propri\u00e9t\u00e9 de la soci\u00e9t\u00e9 dufour location<strong> <\/strong>jusqu\u2019au complet encaissement du prix.<\/p>\n\n\n\n<p>ARTICLE 14 \u2013 PROPRIETE INTELLECTUELLE<\/p>\n\n\n\n<p>Conform\u00e9ment aux dispositions du code de la propri\u00e9t\u00e9 intellectuelle, seule l\u2019utilisation pour un usage priv\u00e9 sous r\u00e9serve de dispositions diff\u00e9rentes voire plus restrictives du code de la propri\u00e9t\u00e9 intellectuelle est autoris\u00e9e. Toute reproduction totale ou partielle du site www.<strong><strong>dufourbox<\/strong>.<strong>fr<\/strong><\/strong> est strictement interdite.<\/p>\n\n\n\n<p>ARTICLE 15 \u2013 INFORMATIONS NOMINATIVES<\/p>\n\n\n\n<p><strong>dufourbox<\/strong>.<strong>fr<\/strong> s\u2019engage \u00e0 ne pas divulguer \u00e0 des tiers les informations que vous nous communiquez. Celles-ci sont confidentielles. Elles ne seront utilis\u00e9es que pour le traitement de votre commande et pour renforcer et personnaliser la communication et produit r\u00e9serv\u00e9 aux clients de <strong><strong>dufourbox<\/strong>.<strong>fr<\/strong><\/strong>, notamment par les lettres d\u2019informations diffus\u00e9es sur le site www.<strong>dufourbox<\/strong>.<strong>fr<\/strong> auxquelles vous vous serez abonn\u00e9s ainsi que dans le cadre de la personnalisation du site en fonction de vos centres d\u2019int\u00e9r\u00eats. Concernant ces informations vous disposez d\u2019un droit d\u2019acc\u00e8s, de rectification et d\u2019opposition aux donn\u00e9es personnelles vous concernant. Pour cela il suffit de nous en faire la demande en ligne ou par courrier en nous indiquant votre nom, pr\u00e9nom, adresse et si possible votre r\u00e9f\u00e9rence client.<\/p>\n\n\n\n<p>ARTICLE 17 \u2013 DROIT APPLICABLE \u2013 LITIGES<\/p>\n\n\n\n<p>Le pr\u00e9sent contrat est soumis \u00e0 la loi fran\u00e7aise. La langue du pr\u00e9sent contrat est la langue fran\u00e7aise. En cas de litige, les tribunaux fran\u00e7ais seront seuls comp\u00e9tents.<\/p>\n\n\n\n<p>ARTICLE 18 \u2013 COOKIE<\/p>\n\n\n\n<p>L\u2019utilisateur est inform\u00e9 que lors de ses visites sur le site, un cookie peut s\u2019installer automatiquement sur son logiciel de navigation (un cookie est un bloc de donn\u00e9es qui ne permet pas de l\u2019identifier mais qui sert \u00e0 enregistrer des informations relatives \u00e0 la navigation de celui-ci sur le site). En g\u00e9n\u00e9ral, ce cookie contient, un num\u00e9ro d\u2019identification ou un code qui nous permet de vous reconna\u00eetre lorsque vous retournez sur notre site. La mise en place de ces syst\u00e8mes nous permet simplement la r\u00e9cup\u00e9ration de donn\u00e9es statistiques afin d\u2019am\u00e9liorer notre site et de mieux r\u00e9pondre \u00e0 vos besoins. Les donn\u00e9es concern\u00e9es ne sont en aucun cas c\u00e9d\u00e9s \u00e0 des tiers. Nous vous rappelons que votre navigateur poss\u00e8de des fonctionnalit\u00e9s qui vous permettent de vous opposer \u00e0 l\u2019enregistrement de cookies, d\u2019\u00eatre pr\u00e9venu avant d\u2019accepter les cookies, ou de les effacer. Pour plus d\u2019information sur les cookies et le traitement li\u00e9 aux donn\u00e9es personnelles, nous vous recommandons de visiter le site Internet de la CNIL : www.cnil.fr<\/p>\n","protected":false},"excerpt":{"rendered":"<p>D\u00e9nomination entreprise individuel Dufour location ZA les compas 76170 Lillebonne SIREN 36450101500044 SIRET (siege)SIREN 36450101500044 Adresse email : dufourbox@gmail.com Contact : 06 13 82 59 25 h\u00e9bergement Hostinger https:\/\/www.hostinger.fr\/contact Si\u00e8ge social&nbsp;:&nbsp;Kaunas, Lituanie ARTICLE 2 \u2013 RESERVE DE PROPRIETE Les produits acquis sur le site www.dufourbox.fr demeurent la propri\u00e9t\u00e9 de la soci\u00e9t\u00e9 dufour location jusqu\u2019au complet [&hellip;]<\/p>\n","protected":false},"author":1,"featured_media":0,"parent":0,"menu_order":0,"comment_status":"closed","ping_status":"closed","template":"","meta":{"ocean_post_layout":"","ocean_both_sidebars_style":"","ocean_both_sidebars_content_width":0,"ocean_both_sidebars_sidebars_width":0,"ocean_sidebar":"0","ocean_second_sidebar":"0","ocean_disable_margins":"enable","ocean_add_body_class":"","ocean_shortcode_before_top_bar":"","ocean_shortcode_after_top_bar":"","ocean_shortcode_before_header":"","ocean_shortcode_after_header":"","ocean_has_shortcode":"","ocean_shortcode_after_title":"","ocean_shortcode_before_footer_widgets":"","ocean_shortcode_after_footer_widgets":"","ocean_shortcode_before_footer_bottom":"","ocean_shortcode_after_footer_bottom":"","ocean_display_top_bar":"default","ocean_display_header":"default","ocean_header_style":"","ocean_center_header_left_menu":"0","ocean_custom_header_template":"0","ocean_custom_logo":0,"ocean_custom_retina_logo":0,"ocean_custom_logo_max_width":0,"ocean_custom_logo_tablet_max_width":0,"ocean_custom_logo_mobile_max_width":0,"ocean_custom_logo_max_height":0,"ocean_custom_logo_tablet_max_height":0,"ocean_custom_logo_mobile_max_height":0,"ocean_header_custom_menu":"0","ocean_menu_typo_font_family":"0","ocean_menu_typo_font_subset":"","ocean_menu_typo_font_size":0,"ocean_menu_typo_font_size_tablet":0,"ocean_menu_typo_font_size_mobile":0,"ocean_menu_typo_font_size_unit":"px","ocean_menu_typo_font_weight":"","ocean_menu_typo_font_weight_tablet":"","ocean_menu_typo_font_weight_mobile":"","ocean_menu_typo_transform":"","ocean_menu_typo_transform_tablet":"","ocean_menu_typo_transform_mobile":"","ocean_menu_typo_line_height":0,"ocean_menu_typo_line_height_tablet":0,"ocean_menu_typo_line_height_mobile":0,"ocean_menu_typo_line_height_unit":"","ocean_menu_typo_spacing":0,"ocean_menu_typo_spacing_tablet":0,"ocean_menu_typo_spacing_mobile":0,"ocean_menu_typo_spacing_unit":"","ocean_menu_link_color":"","ocean_menu_link_color_hover":"","ocean_menu_link_color_active":"","ocean_menu_link_background":"","ocean_menu_link_hover_background":"","ocean_menu_link_active_background":"","ocean_menu_social_links_bg":"","ocean_menu_social_hover_links_bg":"","ocean_menu_social_links_color":"","ocean_menu_social_hover_links_color":"","ocean_disable_title":"on","ocean_disable_heading":"default","ocean_post_title":"","ocean_post_subheading":"","ocean_post_title_style":"","ocean_post_title_background_color":"","ocean_post_title_background":0,"ocean_post_title_bg_image_position":"","ocean_post_title_bg_image_attachment":"","ocean_post_title_bg_image_repeat":"","ocean_post_title_bg_image_size":"","ocean_post_title_height":0,"ocean_post_title_bg_overlay":0.5,"ocean_post_title_bg_overlay_color":"","ocean_disable_breadcrumbs":"default","ocean_breadcrumbs_color":"","ocean_breadcrumbs_separator_color":"","ocean_breadcrumbs_links_color":"","ocean_breadcrumbs_links_hover_color":"","ocean_display_footer_widgets":"default","ocean_display_footer_bottom":"default","ocean_custom_footer_template":"0","footnotes":""},"class_list":["post-23","page","type-page","status-publish","hentry","entry"],"yoast_head":"<!-- This site is optimized with the Yoast SEO plugin v27.4 - https:\/\/yoast.com\/product\/yoast-seo-wordpress\/ -->\n<title>Mentions l\u00e9gales - dufour box<\/title>\n<meta name=\"description\" content=\"mentions l\u00e9gale dufour box - Mentions l\u00e9gales\" \/>\n<meta name=\"robots\" content=\"index, follow, max-snippet:-1, max-image-preview:large, max-video-preview:-1\" \/>\n<link rel=\"canonical\" href=\"http:\/\/dufourbox.fr\/?page_id=23\" \/>\n<meta property=\"og:locale\" content=\"fr_FR\" \/>\n<meta property=\"og:type\" content=\"article\" \/>\n<meta property=\"og:title\" content=\"Mentions l\u00e9gales - dufour box\" \/>\n<meta property=\"og:description\" content=\"mentions l\u00e9gale dufour box - Mentions l\u00e9gales\" \/>\n<meta property=\"og:url\" content=\"http:\/\/dufourbox.fr\/?page_id=23\" \/>\n<meta property=\"og:site_name\" content=\"dufour box\" \/>\n<meta property=\"article:modified_time\" content=\"2022-04-06T20:06:32+00:00\" \/>\n<meta name=\"twitter:card\" content=\"summary_large_image\" \/>\n<meta name=\"twitter:label1\" content=\"Dur\u00e9e de lecture estim\u00e9e\" \/>\n\t<meta name=\"twitter:data1\" content=\"3 minutes\" \/>\n<script type=\"application\/ld+json\" class=\"yoast-schema-graph\">{\"@context\":\"https:\\\/\\\/schema.org\",\"@graph\":[{\"@type\":\"WebPage\",\"@id\":\"http:\\\/\\\/dufourbox.fr\\\/?page_id=23\",\"url\":\"http:\\\/\\\/dufourbox.fr\\\/?page_id=23\",\"name\":\"Mentions l\u00e9gales - dufour box\",\"isPartOf\":{\"@id\":\"https:\\\/\\\/dufourbox.fr\\\/#website\"},\"datePublished\":\"2022-03-24T17:27:39+00:00\",\"dateModified\":\"2022-04-06T20:06:32+00:00\",\"description\":\"mentions l\u00e9gale dufour box - Mentions l\u00e9gales\",\"breadcrumb\":{\"@id\":\"http:\\\/\\\/dufourbox.fr\\\/?page_id=23#breadcrumb\"},\"inLanguage\":\"fr-FR\",\"potentialAction\":[{\"@type\":\"ReadAction\",\"target\":[\"http:\\\/\\\/dufourbox.fr\\\/?page_id=23\"]}]},{\"@type\":\"BreadcrumbList\",\"@id\":\"http:\\\/\\\/dufourbox.fr\\\/?page_id=23#breadcrumb\",\"itemListElement\":[{\"@type\":\"ListItem\",\"position\":1,\"name\":\"Accueil\",\"item\":\"https:\\\/\\\/dufourbox.fr\\\/\"},{\"@type\":\"ListItem\",\"position\":2,\"name\":\"Mentions l\u00e9gales\"}]},{\"@type\":\"WebSite\",\"@id\":\"https:\\\/\\\/dufourbox.fr\\\/#website\",\"url\":\"https:\\\/\\\/dufourbox.fr\\\/\",\"name\":\"dufour box\",\"description\":\"Location de box pour particulier\",\"publisher\":{\"@id\":\"https:\\\/\\\/dufourbox.fr\\\/#organization\"},\"potentialAction\":[{\"@type\":\"SearchAction\",\"target\":{\"@type\":\"EntryPoint\",\"urlTemplate\":\"https:\\\/\\\/dufourbox.fr\\\/?s={search_term_string}\"},\"query-input\":{\"@type\":\"PropertyValueSpecification\",\"valueRequired\":true,\"valueName\":\"search_term_string\"}}],\"inLanguage\":\"fr-FR\"},{\"@type\":\"Organization\",\"@id\":\"https:\\\/\\\/dufourbox.fr\\\/#organization\",\"name\":\"dufour box\",\"url\":\"https:\\\/\\\/dufourbox.fr\\\/\",\"logo\":{\"@type\":\"ImageObject\",\"inLanguage\":\"fr-FR\",\"@id\":\"https:\\\/\\\/dufourbox.fr\\\/#\\\/schema\\\/logo\\\/image\\\/\",\"url\":\"http:\\\/\\\/dufourbox.fr\\\/wp-content\\\/uploads\\\/2022\\\/03\\\/cropped-Ajouter_des_lignes_dans_le_corps_du_texte__1_-removebg-preview.png\",\"contentUrl\":\"http:\\\/\\\/dufourbox.fr\\\/wp-content\\\/uploads\\\/2022\\\/03\\\/cropped-Ajouter_des_lignes_dans_le_corps_du_texte__1_-removebg-preview.png\",\"width\":500,\"height\":209,\"caption\":\"dufour box\"},\"image\":{\"@id\":\"https:\\\/\\\/dufourbox.fr\\\/#\\\/schema\\\/logo\\\/image\\\/\"}}]}<\/script>\n<!-- \/ Yoast SEO plugin. -->","yoast_head_json":{"title":"Mentions l\u00e9gales - dufour box","description":"mentions l\u00e9gale dufour box - Mentions l\u00e9gales","robots":{"index":"index","follow":"follow","max-snippet":"max-snippet:-1","max-image-preview":"max-image-preview:large","max-video-preview":"max-video-preview:-1"},"canonical":"http:\/\/dufourbox.fr\/?page_id=23","og_locale":"fr_FR","og_type":"article","og_title":"Mentions l\u00e9gales - dufour box","og_description":"mentions l\u00e9gale dufour box - Mentions l\u00e9gales","og_url":"http:\/\/dufourbox.fr\/?page_id=23","og_site_name":"dufour box","article_modified_time":"2022-04-06T20:06:32+00:00","twitter_card":"summary_large_image","twitter_misc":{"Dur\u00e9e de lecture estim\u00e9e":"3 minutes"},"schema":{"@context":"https:\/\/schema.org","@graph":[{"@type":"WebPage","@id":"http:\/\/dufourbox.fr\/?page_id=23","url":"http:\/\/dufourbox.fr\/?page_id=23","name":"Mentions l\u00e9gales - dufour box","isPartOf":{"@id":"https:\/\/dufourbox.fr\/#website"},"datePublished":"2022-03-24T17:27:39+00:00","dateModified":"2022-04-06T20:06:32+00:00","description":"mentions l\u00e9gale dufour box - Mentions l\u00e9gales","breadcrumb":{"@id":"http:\/\/dufourbox.fr\/?page_id=23#breadcrumb"},"inLanguage":"fr-FR","potentialAction":[{"@type":"ReadAction","target":["http:\/\/dufourbox.fr\/?page_id=23"]}]},{"@type":"BreadcrumbList","@id":"http:\/\/dufourbox.fr\/?page_id=23#breadcrumb","itemListElement":[{"@type":"ListItem","position":1,"name":"Accueil","item":"https:\/\/dufourbox.fr\/"},{"@type":"ListItem","position":2,"name":"Mentions l\u00e9gales"}]},{"@type":"WebSite","@id":"https:\/\/dufourbox.fr\/#website","url":"https:\/\/dufourbox.fr\/","name":"dufour box","description":"Location de box pour particulier","publisher":{"@id":"https:\/\/dufourbox.fr\/#organization"},"potentialAction":[{"@type":"SearchAction","target":{"@type":"EntryPoint","urlTemplate":"https:\/\/dufourbox.fr\/?s={search_term_string}"},"query-input":{"@type":"PropertyValueSpecification","valueRequired":true,"valueName":"search_term_string"}}],"inLanguage":"fr-FR"},{"@type":"Organization","@id":"https:\/\/dufourbox.fr\/#organization","name":"dufour box","url":"https:\/\/dufourbox.fr\/","logo":{"@type":"ImageObject","inLanguage":"fr-FR","@id":"https:\/\/dufourbox.fr\/#\/schema\/logo\/image\/","url":"http:\/\/dufourbox.fr\/wp-content\/uploads\/2022\/03\/cropped-Ajouter_des_lignes_dans_le_corps_du_texte__1_-removebg-preview.png","contentUrl":"http:\/\/dufourbox.fr\/wp-content\/uploads\/2022\/03\/cropped-Ajouter_des_lignes_dans_le_corps_du_texte__1_-removebg-preview.png","width":500,"height":209,"caption":"dufour box"},"image":{"@id":"https:\/\/dufourbox.fr\/#\/schema\/logo\/image\/"}}]}},"_links":{"self":[{"href":"https:\/\/dufourbox.fr\/index.php?rest_route=\/wp\/v2\/pages\/23","targetHints":{"allow":["GET"]}}],"collection":[{"href":"https:\/\/dufourbox.fr\/index.php?rest_route=\/wp\/v2\/pages"}],"about":[{"href":"https:\/\/dufourbox.fr\/index.php?rest_route=\/wp\/v2\/types\/page"}],"author":[{"embeddable":true,"href":"https:\/\/dufourbox.fr\/index.php?rest_route=\/wp\/v2\/users\/1"}],"replies":[{"embeddable":true,"href":"https:\/\/dufourbox.fr\/index.php?rest_route=%2Fwp%2Fv2%2Fcomments&post=23"}],"version-history":[{"count":3,"href":"https:\/\/dufourbox.fr\/index.php?rest_route=\/wp\/v2\/pages\/23\/revisions"}],"predecessor-version":[{"id":413,"href":"https:\/\/dufourbox.fr\/index.php?rest_route=\/wp\/v2\/pages\/23\/revisions\/413"}],"wp:attachment":[{"href":"https:\/\/dufourbox.fr\/index.php?rest_route=%2Fwp%2Fv2%2Fmedia&parent=23"}],"curies":[{"name":"wp","href":"https:\/\/api.w.org\/{rel}","templated":true}]}}